{"id":34,"date":"2024-06-27T16:00:23","date_gmt":"2024-06-27T16:00:23","guid":{"rendered":"http:\/\/fpfilms.net\/?page_id=34"},"modified":"2026-02-06T00:05:48","modified_gmt":"2026-02-06T00:05:48","slug":"portafolio","status":"publish","type":"page","link":"https:\/\/fpfilms.net\/?page_id=34","title":{"rendered":"Portafolio"},"content":{"rendered":"","protected":false},"excerpt":{"rendered":"","protected":false},"author":1,"featured_media":32,"parent":0,"menu_order":0,"comment_status":"closed","ping_status":"closed","template":"full-width","meta":{"saved_in_kubio":true,"footnotes":""},"class_list":["post-34","page","type-page","status-publish","has-post-thumbnail","hentry"],"kubio_ai_page_context":{"short_desc":"","purpose":"general"},"yoast_head":"<!-- This site is optimized with the Yoast SEO plugin v27.4 - https:\/\/yoast.com\/product\/yoast-seo-wordpress\/ -->\n<title>Portafolio - Freak Project Films<\/title>\n<meta name=\"description\" content=\"Bienvenidos al portafolio de Freak Project Films, donde la innovaci\u00f3n cinematogr\u00e1fica se encuentra con la creatividad visual sin l\u00edmites\" \/>\n<meta name=\"robots\" content=\"index, follow, max-snippet:-1, max-image-preview:large, max-video-preview:-1\" \/>\n<link rel=\"canonical\" href=\"https:\/\/fpfilms.net\/?page_id=34\" \/>\n<meta property=\"og:locale\" content=\"es_ES\" \/>\n<meta property=\"og:type\" content=\"article\" \/>\n<meta property=\"og:title\" content=\"Portafolio - Freak Project Films\" \/>\n<meta property=\"og:description\" content=\"Bienvenidos al portafolio de Freak Project Films, donde la innovaci\u00f3n cinematogr\u00e1fica se encuentra con la creatividad visual sin l\u00edmites\" \/>\n<meta property=\"og:url\" content=\"https:\/\/fpfilms.net\/?page_id=34\" \/>\n<meta property=\"og:site_name\" content=\"Freak Project Films\" \/>\n<meta property=\"article:modified_time\" content=\"2026-02-06T00:05:48+00:00\" \/>\n<meta property=\"og:image\" content=\"https:\/\/fpfilms.net\/wp-content\/uploads\/2024\/06\/DALL\u00b7E-2024-06-27-17.57.31-A-sleek-and-modern-logo-for-Freak-Project-Films.-The-design-features-a-minimalist-film-reel-icon-integrated-with-abstract-shapes-that-suggest-creativi.webp\" \/>\n\t<meta property=\"og:image:width\" content=\"1024\" \/>\n\t<meta property=\"og:image:height\" content=\"1024\" \/>\n\t<meta property=\"og:image:type\" content=\"image\/webp\" \/>\n<meta name=\"twitter:card\" content=\"summary_large_image\" \/>\n<meta name=\"twitter:label1\" content=\"Tiempo de lectura\" \/>\n\t<meta name=\"twitter:data1\" content=\"3 minutos\" \/>\n<script type=\"application\/ld+json\" class=\"yoast-schema-graph\">{\"@context\":\"https:\\\/\\\/schema.org\",\"@graph\":[{\"@type\":\"WebPage\",\"@id\":\"https:\\\/\\\/fpfilms.net\\\/?page_id=34\",\"url\":\"https:\\\/\\\/fpfilms.net\\\/?page_id=34\",\"name\":\"Portafolio - Freak Project Films\",\"isPartOf\":{\"@id\":\"https:\\\/\\\/fpfilms.net\\\/#website\"},\"primaryImageOfPage\":{\"@id\":\"https:\\\/\\\/fpfilms.net\\\/?page_id=34#primaryimage\"},\"image\":{\"@id\":\"https:\\\/\\\/fpfilms.net\\\/?page_id=34#primaryimage\"},\"thumbnailUrl\":\"https:\\\/\\\/fpfilms.net\\\/wp-content\\\/uploads\\\/2024\\\/06\\\/DALL\u00b7E-2024-06-27-17.57.31-A-sleek-and-modern-logo-for-Freak-Project-Films.-The-design-features-a-minimalist-film-reel-icon-integrated-with-abstract-shapes-that-suggest-creativi.webp\",\"datePublished\":\"2024-06-27T16:00:23+00:00\",\"dateModified\":\"2026-02-06T00:05:48+00:00\",\"description\":\"Bienvenidos al portafolio de Freak Project Films, donde la innovaci\u00f3n cinematogr\u00e1fica se encuentra con la creatividad visual sin l\u00edmites\",\"breadcrumb\":{\"@id\":\"https:\\\/\\\/fpfilms.net\\\/?page_id=34#breadcrumb\"},\"inLanguage\":\"es\",\"potentialAction\":[{\"@type\":\"ReadAction\",\"target\":[\"https:\\\/\\\/fpfilms.net\\\/?page_id=34\"]}]},{\"@type\":\"ImageObject\",\"inLanguage\":\"es\",\"@id\":\"https:\\\/\\\/fpfilms.net\\\/?page_id=34#primaryimage\",\"url\":\"https:\\\/\\\/fpfilms.net\\\/wp-content\\\/uploads\\\/2024\\\/06\\\/DALL\u00b7E-2024-06-27-17.57.31-A-sleek-and-modern-logo-for-Freak-Project-Films.-The-design-features-a-minimalist-film-reel-icon-integrated-with-abstract-shapes-that-suggest-creativi.webp\",\"contentUrl\":\"https:\\\/\\\/fpfilms.net\\\/wp-content\\\/uploads\\\/2024\\\/06\\\/DALL\u00b7E-2024-06-27-17.57.31-A-sleek-and-modern-logo-for-Freak-Project-Films.-The-design-features-a-minimalist-film-reel-icon-integrated-with-abstract-shapes-that-suggest-creativi.webp\",\"width\":1024,\"height\":1024},{\"@type\":\"BreadcrumbList\",\"@id\":\"https:\\\/\\\/fpfilms.net\\\/?page_id=34#breadcrumb\",\"itemListElement\":[{\"@type\":\"ListItem\",\"position\":1,\"name\":\"Portada\",\"item\":\"https:\\\/\\\/fpfilms.net\\\/\"},{\"@type\":\"ListItem\",\"position\":2,\"name\":\"Portafolio\"}]},{\"@type\":\"WebSite\",\"@id\":\"https:\\\/\\\/fpfilms.net\\\/#website\",\"url\":\"https:\\\/\\\/fpfilms.net\\\/\",\"name\":\"Freak Project Films\",\"description\":\"\",\"publisher\":{\"@id\":\"https:\\\/\\\/fpfilms.net\\\/#organization\"},\"potentialAction\":[{\"@type\":\"SearchAction\",\"target\":{\"@type\":\"EntryPoint\",\"urlTemplate\":\"https:\\\/\\\/fpfilms.net\\\/?s={search_term_string}\"},\"query-input\":{\"@type\":\"PropertyValueSpecification\",\"valueRequired\":true,\"valueName\":\"search_term_string\"}}],\"inLanguage\":\"es\"},{\"@type\":\"Organization\",\"@id\":\"https:\\\/\\\/fpfilms.net\\\/#organization\",\"name\":\"Freak Project Films\",\"url\":\"https:\\\/\\\/fpfilms.net\\\/\",\"logo\":{\"@type\":\"ImageObject\",\"inLanguage\":\"es\",\"@id\":\"https:\\\/\\\/fpfilms.net\\\/#\\\/schema\\\/logo\\\/image\\\/\",\"url\":\"https:\\\/\\\/fpfilms.net\\\/wp-content\\\/uploads\\\/2024\\\/09\\\/cropped-Freak-Project-S.L.-Logo-.png\",\"contentUrl\":\"https:\\\/\\\/fpfilms.net\\\/wp-content\\\/uploads\\\/2024\\\/09\\\/cropped-Freak-Project-S.L.-Logo-.png\",\"width\":512,\"height\":512,\"caption\":\"Freak Project Films\"},\"image\":{\"@id\":\"https:\\\/\\\/fpfilms.net\\\/#\\\/schema\\\/logo\\\/image\\\/\"}}]}<\/script>\n<!-- \/ Yoast SEO plugin. -->","yoast_head_json":{"title":"Portafolio - Freak Project Films","description":"Bienvenidos al portafolio de Freak Project Films, donde la innovaci\u00f3n cinematogr\u00e1fica se encuentra con la creatividad visual sin l\u00edmites","robots":{"index":"index","follow":"follow","max-snippet":"max-snippet:-1","max-image-preview":"max-image-preview:large","max-video-preview":"max-video-preview:-1"},"canonical":"https:\/\/fpfilms.net\/?page_id=34","og_locale":"es_ES","og_type":"article","og_title":"Portafolio - Freak Project Films","og_description":"Bienvenidos al portafolio de Freak Project Films, donde la innovaci\u00f3n cinematogr\u00e1fica se encuentra con la creatividad visual sin l\u00edmites","og_url":"https:\/\/fpfilms.net\/?page_id=34","og_site_name":"Freak Project Films","article_modified_time":"2026-02-06T00:05:48+00:00","og_image":[{"width":1024,"height":1024,"url":"https:\/\/fpfilms.net\/wp-content\/uploads\/2024\/06\/DALL\u00b7E-2024-06-27-17.57.31-A-sleek-and-modern-logo-for-Freak-Project-Films.-The-design-features-a-minimalist-film-reel-icon-integrated-with-abstract-shapes-that-suggest-creativi.webp","type":"image\/webp"}],"twitter_card":"summary_large_image","twitter_misc":{"Tiempo de lectura":"3 minutos"},"schema":{"@context":"https:\/\/schema.org","@graph":[{"@type":"WebPage","@id":"https:\/\/fpfilms.net\/?page_id=34","url":"https:\/\/fpfilms.net\/?page_id=34","name":"Portafolio - Freak Project Films","isPartOf":{"@id":"https:\/\/fpfilms.net\/#website"},"primaryImageOfPage":{"@id":"https:\/\/fpfilms.net\/?page_id=34#primaryimage"},"image":{"@id":"https:\/\/fpfilms.net\/?page_id=34#primaryimage"},"thumbnailUrl":"https:\/\/fpfilms.net\/wp-content\/uploads\/2024\/06\/DALL\u00b7E-2024-06-27-17.57.31-A-sleek-and-modern-logo-for-Freak-Project-Films.-The-design-features-a-minimalist-film-reel-icon-integrated-with-abstract-shapes-that-suggest-creativi.webp","datePublished":"2024-06-27T16:00:23+00:00","dateModified":"2026-02-06T00:05:48+00:00","description":"Bienvenidos al portafolio de Freak Project Films, donde la innovaci\u00f3n cinematogr\u00e1fica se encuentra con la creatividad visual sin l\u00edmites","breadcrumb":{"@id":"https:\/\/fpfilms.net\/?page_id=34#breadcrumb"},"inLanguage":"es","potentialAction":[{"@type":"ReadAction","target":["https:\/\/fpfilms.net\/?page_id=34"]}]},{"@type":"ImageObject","inLanguage":"es","@id":"https:\/\/fpfilms.net\/?page_id=34#primaryimage","url":"https:\/\/fpfilms.net\/wp-content\/uploads\/2024\/06\/DALL\u00b7E-2024-06-27-17.57.31-A-sleek-and-modern-logo-for-Freak-Project-Films.-The-design-features-a-minimalist-film-reel-icon-integrated-with-abstract-shapes-that-suggest-creativi.webp","contentUrl":"https:\/\/fpfilms.net\/wp-content\/uploads\/2024\/06\/DALL\u00b7E-2024-06-27-17.57.31-A-sleek-and-modern-logo-for-Freak-Project-Films.-The-design-features-a-minimalist-film-reel-icon-integrated-with-abstract-shapes-that-suggest-creativi.webp","width":1024,"height":1024},{"@type":"BreadcrumbList","@id":"https:\/\/fpfilms.net\/?page_id=34#breadcrumb","itemListElement":[{"@type":"ListItem","position":1,"name":"Portada","item":"https:\/\/fpfilms.net\/"},{"@type":"ListItem","position":2,"name":"Portafolio"}]},{"@type":"WebSite","@id":"https:\/\/fpfilms.net\/#website","url":"https:\/\/fpfilms.net\/","name":"Freak Project Films","description":"","publisher":{"@id":"https:\/\/fpfilms.net\/#organization"},"potentialAction":[{"@type":"SearchAction","target":{"@type":"EntryPoint","urlTemplate":"https:\/\/fpfilms.net\/?s={search_term_string}"},"query-input":{"@type":"PropertyValueSpecification","valueRequired":true,"valueName":"search_term_string"}}],"inLanguage":"es"},{"@type":"Organization","@id":"https:\/\/fpfilms.net\/#organization","name":"Freak Project Films","url":"https:\/\/fpfilms.net\/","logo":{"@type":"ImageObject","inLanguage":"es","@id":"https:\/\/fpfilms.net\/#\/schema\/logo\/image\/","url":"https:\/\/fpfilms.net\/wp-content\/uploads\/2024\/09\/cropped-Freak-Project-S.L.-Logo-.png","contentUrl":"https:\/\/fpfilms.net\/wp-content\/uploads\/2024\/09\/cropped-Freak-Project-S.L.-Logo-.png","width":512,"height":512,"caption":"Freak Project Films"},"image":{"@id":"https:\/\/fpfilms.net\/#\/schema\/logo\/image\/"}}]}},"_links":{"self":[{"href":"https:\/\/fpfilms.net\/index.php?rest_route=\/wp\/v2\/pages\/34","targetHints":{"allow":["GET"]}}],"collection":[{"href":"https:\/\/fpfilms.net\/index.php?rest_route=\/wp\/v2\/pages"}],"about":[{"href":"https:\/\/fpfilms.net\/index.php?rest_route=\/wp\/v2\/types\/page"}],"author":[{"embeddable":true,"href":"https:\/\/fpfilms.net\/index.php?rest_route=\/wp\/v2\/users\/1"}],"replies":[{"embeddable":true,"href":"https:\/\/fpfilms.net\/index.php?rest_route=%2Fwp%2Fv2%2Fcomments&post=34"}],"version-history":[{"count":16,"href":"https:\/\/fpfilms.net\/index.php?rest_route=\/wp\/v2\/pages\/34\/revisions"}],"predecessor-version":[{"id":579,"href":"https:\/\/fpfilms.net\/index.php?rest_route=\/wp\/v2\/pages\/34\/revisions\/579"}],"wp:featuredmedia":[{"embeddable":true,"href":"https:\/\/fpfilms.net\/index.php?rest_route=\/wp\/v2\/media\/32"}],"wp:attachment":[{"href":"https:\/\/fpfilms.net\/index.php?rest_route=%2Fwp%2Fv2%2Fmedia&parent=34"}],"curies":[{"name":"wp","href":"https:\/\/api.w.org\/{rel}","templated":true}]}}